{"id":81,"date":"2023-10-23T10:26:41","date_gmt":"2023-10-23T08:26:41","guid":{"rendered":"http:\/\/fabrykazdrowia.net.pl\/?page_id=81"},"modified":"2023-10-31T10:02:44","modified_gmt":"2023-10-31T09:02:44","slug":"fabryka-zdrowia","status":"publish","type":"page","link":"https:\/\/fabrykazdrowia.net.pl\/","title":{"rendered":"O nas"},"content":{"rendered":"\n<p class=\"has-text-align-left wp-block-paragraph\">Specjalistyczna Klinika Fizjoterapii Fabryka&nbsp;Zdrowia&nbsp;za\u0142o\u017cona przez Ernesta Wi\u015bniewskiego w 2012 roku&nbsp;powsta\u0142a z potrzeby \u015bwiadczenia us\u0142ug&nbsp;rehabilitacyjnych w nowatorskim uj\u0119ciu&nbsp;i&nbsp;od pocz\u0105tku istnienia jest miejscem dla wszystkich tych, kt\u00f3rzy poszukuj\u0105 profesjonalnej&nbsp;rehabilitacji. <br><br>Specjalizujemy si\u0119 w diagnostyce funkcjonalnej, leczeniu i profilaktyce. Planujemy i prowadzimy programy leczenia, \u0142\u0105cz\u0105c terapi\u0119 wykonywan\u0105 indywidualnie (m.in.: Terapia Manualna, PNF, Bobath, McKenzie i wiele innych) z precyzyjnie zaplanowanym treningiem medycznym. <\/p>\n\n\n\n<p class=\"has-text-align-left wp-block-paragraph\">Nasz\u0105 filozofi\u0105 i celem zawodowym jest poprawi\u0107 stan funkcjonowania pacjent\u00f3w, kt\u00f3ry uleg\u0142 pogorszeniu z powodu choroby lub urazu. Jeste\u015bmy zwolennikami metod leczenia opartych na dowodach&nbsp;naukowych jak i mierzenia efekt\u00f3w uzyskiwanych w trakcie prowadzonych terapii i trening\u00f3w medycznych.<\/p>\n\n\n\n<p class=\"wp-block-paragraph\">Specjalizujemy si\u0119 w diagnostyce funkcjonalnej i rehabilitacji:<br>&#8211; dolegliwo\u015bci b\u00f3lowych kr\u0119gos\u0142upa;<br>&#8211; zmian zwyrodnieniowych;<br>&#8211; po z\u0142amaniach, urazach kontuzjach;<br>&#8211; po ortopedycznych zabiegach chirurgicznych: endoprpotezy, artoskopie, zespolenia;<br>&#8211; po udarach m\u00f3zgu;<br>&#8211; po urazach rdzenia kr\u0119gowego;<br>&#8211; w chorobach neurologicznych: chorobie Parkinsona, SM, polineuropatiach;<br>&#8211; po przebytym zawale serca<br>&#8211; w chorobach internistycznych i kr\u0105\u017ceniowo-oddechowych z przebiegiem niskiej<br>wydolno\u015bci.<\/p>\n\n\n\n<p class=\"wp-block-paragraph\">Poszerzamy i ci\u0105gle rozwijamy nasz multidyscyplinarny <a href=\"http:\/\/fabrykazdrowia.net.pl\/?page_id=13\">zesp\u00f3\u0142 specjalist\u00f3w<\/a> w wielu dziedzinach i specjalizacjach. Wsp\u00f3\u0142pracujemy z fizjoterapeutami, lekarzami, dietetykiem, psychologiem i pracowni\u0105 protetyczn\u0105.<\/p>\n\n\n\n<p class=\"wp-block-paragraph\">Wsp\u00f3\u0142pracujemy tak\u017ce z: <br>&#8211; PZU Zdrowie;<br>&#8211; Allianz;<br>&#8211; Signal Iduna;<br>&#8211; InterPolska;<br>&#8211; Centrum Pomocy Osobom Poszkodowanym;<br>&#8211; Centrum Medyczne Gamma.<\/p>\n\n\n\n<p class=\"wp-block-paragraph\">Zapraszamy do <a href=\"#kontakt\">kontaktu<\/a><\/p>\n","protected":false},"excerpt":{"rendered":"<p>Specjalistyczna Klinika Fizjoterapii Fabryka&nbsp;Zdrowia&nbsp;za\u0142o\u017cona przez Ernesta Wi\u015bniewskiego w 2012 roku&nbsp;powsta\u0142a z potrzeby \u015bwiadczenia us\u0142ug&nbsp;rehabilitacyjnych w nowatorskim uj\u0119ciu&nbsp;i&nbsp;od pocz\u0105tku istnienia jest &hellip; <\/p>\n","protected":false},"author":1,"featured_media":0,"parent":0,"menu_order":0,"comment_status":"closed","ping_status":"closed","template":"","meta":{"_coachify_sidebar_layout":"","footnotes":""},"class_list":["post-81","page","type-page","status-publish","hentry","image-hover-transition-effect"],"yoast_head":"<!-- This site is optimized with the Yoast SEO plugin v21.4 - https:\/\/yoast.com\/wordpress\/plugins\/seo\/ -->\n<title>O nas - Fabryka Zdrowia<\/title>\n<meta name=\"description\" content=\"Specjalistyczna Klinika Fizjoterapii Fabryka\u00a0Zdrowia powsta\u0142a z potrzeby \u015bwiadczenia us\u0142ug\u00a0rehabilitacyjnych w nowatorskim uj\u0119ciu\u00a0i\u00a0od pocz\u0105tku istnienia jest miejscem dla wszystkich tych, kt\u00f3rzy poszukuj\u0105 profesjonalnej\u00a0rehabilitacji. Specjalizujemy si\u0119 w diagnostyce funkcjonalnej, leczeniu i profilaktyce.\" \/>\n<meta name=\"robots\" content=\"index, follow, max-snippet:-1, max-image-preview:large, max-video-preview:-1\" \/>\n<link rel=\"canonical\" href=\"https:\/\/fabrykazdrowia.net.pl\/\" \/>\n<meta property=\"og:locale\" content=\"en_US\" \/>\n<meta property=\"og:type\" content=\"article\" \/>\n<meta property=\"og:title\" content=\"O nas - Fabryka Zdrowia\" \/>\n<meta property=\"og:description\" content=\"Specjalistyczna Klinika Fizjoterapii Fabryka\u00a0Zdrowia powsta\u0142a z potrzeby \u015bwiadczenia us\u0142ug\u00a0rehabilitacyjnych w nowatorskim uj\u0119ciu\u00a0i\u00a0od pocz\u0105tku istnienia jest miejscem dla wszystkich tych, kt\u00f3rzy poszukuj\u0105 profesjonalnej\u00a0rehabilitacji. Specjalizujemy si\u0119 w diagnostyce funkcjonalnej, leczeniu i profilaktyce.\" \/>\n<meta property=\"og:url\" content=\"https:\/\/fabrykazdrowia.net.pl\/\" \/>\n<meta property=\"og:site_name\" content=\"Fabryka Zdrowia\" \/>\n<meta property=\"article:publisher\" content=\"https:\/\/www.facebook.com\/FabrykaZdrowiaEW\" \/>\n<meta property=\"article:modified_time\" content=\"2023-10-31T09:02:44+00:00\" \/>\n<meta name=\"twitter:card\" content=\"summary_large_image\" \/>\n<meta name=\"twitter:label1\" content=\"Est. reading time\" \/>\n\t<meta name=\"twitter:data1\" content=\"2 minutes\" \/>\n<script type=\"application\/ld+json\" class=\"yoast-schema-graph\">{\"@context\":\"https:\/\/schema.org\",\"@graph\":[{\"@type\":\"WebPage\",\"@id\":\"https:\/\/fabrykazdrowia.net.pl\/\",\"url\":\"https:\/\/fabrykazdrowia.net.pl\/\",\"name\":\"O nas - Fabryka Zdrowia\",\"isPartOf\":{\"@id\":\"https:\/\/fabrykazdrowia.net.pl\/#website\"},\"datePublished\":\"2023-10-23T08:26:41+00:00\",\"dateModified\":\"2023-10-31T09:02:44+00:00\",\"description\":\"Specjalistyczna Klinika Fizjoterapii Fabryka\u00a0Zdrowia powsta\u0142a z potrzeby \u015bwiadczenia us\u0142ug\u00a0rehabilitacyjnych w nowatorskim uj\u0119ciu\u00a0i\u00a0od pocz\u0105tku istnienia jest miejscem dla wszystkich tych, kt\u00f3rzy poszukuj\u0105 profesjonalnej\u00a0rehabilitacji. Specjalizujemy si\u0119 w diagnostyce funkcjonalnej, leczeniu i profilaktyce.\",\"breadcrumb\":{\"@id\":\"https:\/\/fabrykazdrowia.net.pl\/#breadcrumb\"},\"inLanguage\":\"en-US\",\"potentialAction\":[{\"@type\":\"ReadAction\",\"target\":[\"https:\/\/fabrykazdrowia.net.pl\/\"]}]},{\"@type\":\"BreadcrumbList\",\"@id\":\"https:\/\/fabrykazdrowia.net.pl\/#breadcrumb\",\"itemListElement\":[{\"@type\":\"ListItem\",\"position\":1,\"name\":\"Strona g\u0142\u00f3wna\",\"item\":\"https:\/\/fabrykazdrowia.net.pl\/\"},{\"@type\":\"ListItem\",\"position\":2,\"name\":\"O nas\"}]},{\"@type\":\"WebSite\",\"@id\":\"https:\/\/fabrykazdrowia.net.pl\/#website\",\"url\":\"https:\/\/fabrykazdrowia.net.pl\/\",\"name\":\"Fabryka Zdrowia\",\"description\":\"\",\"publisher\":{\"@id\":\"https:\/\/fabrykazdrowia.net.pl\/#organization\"},\"potentialAction\":[{\"@type\":\"SearchAction\",\"target\":{\"@type\":\"EntryPoint\",\"urlTemplate\":\"https:\/\/fabrykazdrowia.net.pl\/?s={search_term_string}\"},\"query-input\":\"required name=search_term_string\"}],\"inLanguage\":\"en-US\"},{\"@type\":\"Organization\",\"@id\":\"https:\/\/fabrykazdrowia.net.pl\/#organization\",\"name\":\"Fabryka Zdrowia\",\"url\":\"https:\/\/fabrykazdrowia.net.pl\/\",\"logo\":{\"@type\":\"ImageObject\",\"inLanguage\":\"en-US\",\"@id\":\"https:\/\/fabrykazdrowia.net.pl\/#\/schema\/logo\/image\/\",\"url\":\"https:\/\/fabrykazdrowia.net.pl\/wp-content\/uploads\/2023\/08\/cropped-logo-1.jpg\",\"contentUrl\":\"https:\/\/fabrykazdrowia.net.pl\/wp-content\/uploads\/2023\/08\/cropped-logo-1.jpg\",\"width\":614,\"height\":613,\"caption\":\"Fabryka Zdrowia\"},\"image\":{\"@id\":\"https:\/\/fabrykazdrowia.net.pl\/#\/schema\/logo\/image\/\"},\"sameAs\":[\"https:\/\/www.facebook.com\/FabrykaZdrowiaEW\",\"https:\/\/www.instagram.com\/fabryka_zdrowia_rehabilitacja\/\"]}]}<\/script>\n<!-- \/ Yoast SEO plugin. -->","yoast_head_json":{"title":"O nas - Fabryka Zdrowia","description":"Specjalistyczna Klinika Fizjoterapii Fabryka\u00a0Zdrowia powsta\u0142a z potrzeby \u015bwiadczenia us\u0142ug\u00a0rehabilitacyjnych w nowatorskim uj\u0119ciu\u00a0i\u00a0od pocz\u0105tku istnienia jest miejscem dla wszystkich tych, kt\u00f3rzy poszukuj\u0105 profesjonalnej\u00a0rehabilitacji. Specjalizujemy si\u0119 w diagnostyce funkcjonalnej, leczeniu i profilaktyce.","robots":{"index":"index","follow":"follow","max-snippet":"max-snippet:-1","max-image-preview":"max-image-preview:large","max-video-preview":"max-video-preview:-1"},"canonical":"https:\/\/fabrykazdrowia.net.pl\/","og_locale":"en_US","og_type":"article","og_title":"O nas - Fabryka Zdrowia","og_description":"Specjalistyczna Klinika Fizjoterapii Fabryka\u00a0Zdrowia powsta\u0142a z potrzeby \u015bwiadczenia us\u0142ug\u00a0rehabilitacyjnych w nowatorskim uj\u0119ciu\u00a0i\u00a0od pocz\u0105tku istnienia jest miejscem dla wszystkich tych, kt\u00f3rzy poszukuj\u0105 profesjonalnej\u00a0rehabilitacji. Specjalizujemy si\u0119 w diagnostyce funkcjonalnej, leczeniu i profilaktyce.","og_url":"https:\/\/fabrykazdrowia.net.pl\/","og_site_name":"Fabryka Zdrowia","article_publisher":"https:\/\/www.facebook.com\/FabrykaZdrowiaEW","article_modified_time":"2023-10-31T09:02:44+00:00","twitter_card":"summary_large_image","twitter_misc":{"Est. reading time":"2 minutes"},"schema":{"@context":"https:\/\/schema.org","@graph":[{"@type":"WebPage","@id":"https:\/\/fabrykazdrowia.net.pl\/","url":"https:\/\/fabrykazdrowia.net.pl\/","name":"O nas - Fabryka Zdrowia","isPartOf":{"@id":"https:\/\/fabrykazdrowia.net.pl\/#website"},"datePublished":"2023-10-23T08:26:41+00:00","dateModified":"2023-10-31T09:02:44+00:00","description":"Specjalistyczna Klinika Fizjoterapii Fabryka\u00a0Zdrowia powsta\u0142a z potrzeby \u015bwiadczenia us\u0142ug\u00a0rehabilitacyjnych w nowatorskim uj\u0119ciu\u00a0i\u00a0od pocz\u0105tku istnienia jest miejscem dla wszystkich tych, kt\u00f3rzy poszukuj\u0105 profesjonalnej\u00a0rehabilitacji. Specjalizujemy si\u0119 w diagnostyce funkcjonalnej, leczeniu i profilaktyce.","breadcrumb":{"@id":"https:\/\/fabrykazdrowia.net.pl\/#breadcrumb"},"inLanguage":"en-US","potentialAction":[{"@type":"ReadAction","target":["https:\/\/fabrykazdrowia.net.pl\/"]}]},{"@type":"BreadcrumbList","@id":"https:\/\/fabrykazdrowia.net.pl\/#breadcrumb","itemListElement":[{"@type":"ListItem","position":1,"name":"Strona g\u0142\u00f3wna","item":"https:\/\/fabrykazdrowia.net.pl\/"},{"@type":"ListItem","position":2,"name":"O nas"}]},{"@type":"WebSite","@id":"https:\/\/fabrykazdrowia.net.pl\/#website","url":"https:\/\/fabrykazdrowia.net.pl\/","name":"Fabryka Zdrowia","description":"","publisher":{"@id":"https:\/\/fabrykazdrowia.net.pl\/#organization"},"potentialAction":[{"@type":"SearchAction","target":{"@type":"EntryPoint","urlTemplate":"https:\/\/fabrykazdrowia.net.pl\/?s={search_term_string}"},"query-input":"required name=search_term_string"}],"inLanguage":"en-US"},{"@type":"Organization","@id":"https:\/\/fabrykazdrowia.net.pl\/#organization","name":"Fabryka Zdrowia","url":"https:\/\/fabrykazdrowia.net.pl\/","logo":{"@type":"ImageObject","inLanguage":"en-US","@id":"https:\/\/fabrykazdrowia.net.pl\/#\/schema\/logo\/image\/","url":"https:\/\/fabrykazdrowia.net.pl\/wp-content\/uploads\/2023\/08\/cropped-logo-1.jpg","contentUrl":"https:\/\/fabrykazdrowia.net.pl\/wp-content\/uploads\/2023\/08\/cropped-logo-1.jpg","width":614,"height":613,"caption":"Fabryka Zdrowia"},"image":{"@id":"https:\/\/fabrykazdrowia.net.pl\/#\/schema\/logo\/image\/"},"sameAs":["https:\/\/www.facebook.com\/FabrykaZdrowiaEW","https:\/\/www.instagram.com\/fabryka_zdrowia_rehabilitacja\/"]}]}},"_links":{"self":[{"href":"https:\/\/fabrykazdrowia.net.pl\/index.php?rest_route=\/wp\/v2\/pages\/81","targetHints":{"allow":["GET"]}}],"collection":[{"href":"https:\/\/fabrykazdrowia.net.pl\/index.php?rest_route=\/wp\/v2\/pages"}],"about":[{"href":"https:\/\/fabrykazdrowia.net.pl\/index.php?rest_route=\/wp\/v2\/types\/page"}],"author":[{"embeddable":true,"href":"https:\/\/fabrykazdrowia.net.pl\/index.php?rest_route=\/wp\/v2\/users\/1"}],"replies":[{"embeddable":true,"href":"https:\/\/fabrykazdrowia.net.pl\/index.php?rest_route=%2Fwp%2Fv2%2Fcomments&post=81"}],"version-history":[{"count":3,"href":"https:\/\/fabrykazdrowia.net.pl\/index.php?rest_route=\/wp\/v2\/pages\/81\/revisions"}],"predecessor-version":[{"id":107,"href":"https:\/\/fabrykazdrowia.net.pl\/index.php?rest_route=\/wp\/v2\/pages\/81\/revisions\/107"}],"wp:attachment":[{"href":"https:\/\/fabrykazdrowia.net.pl\/index.php?rest_route=%2Fwp%2Fv2%2Fmedia&parent=81"}],"curies":[{"name":"wp","href":"https:\/\/api.w.org\/{rel}","templated":true}]}}

<p class="has-text-align-left wp-block-paragraph">Specjalistyczna Klinika Fizjoterapii Fabryka&nbsp;Zdrowia&nbsp;założona przez Ernesta Wiśniewskiego w 2012 roku&nbsp;powstała z potrzeby świadczenia usług&nbsp;rehabilitacyjnych w nowatorskim ujęciu&nbsp;i&nbsp;od początku istnienia jest miejscem dla wszystkich tych, którzy poszukują profesjonalnej&nbsp;rehabilitacji. <br><br>Specjalizujemy się w diagnostyce funkcjonalnej, leczeniu i profilaktyce. Planujemy i prowadzimy programy leczenia, łącząc terapię wykonywaną indywidualnie (m.in.: Terapia Manualna, PNF, Bobath, McKenzie i wiele innych) z precyzyjnie zaplanowanym treningiem medycznym. </p>



<p class="has-text-align-left wp-block-paragraph">Naszą filozofią i celem zawodowym jest poprawić stan funkcjonowania pacjentów, który uległ pogorszeniu z powodu choroby lub urazu. Jesteśmy zwolennikami metod leczenia opartych na dowodach&nbsp;naukowych jak i mierzenia efektów uzyskiwanych w trakcie prowadzonych terapii i treningów medycznych.</p>



<p class="wp-block-paragraph">Specjalizujemy się w diagnostyce funkcjonalnej i rehabilitacji:<br>&#8211; dolegliwości bólowych kręgosłupa;<br>&#8211; zmian zwyrodnieniowych;<br>&#8211; po złamaniach, urazach kontuzjach;<br>&#8211; po ortopedycznych zabiegach chirurgicznych: endoprpotezy, artoskopie, zespolenia;<br>&#8211; po udarach mózgu;<br>&#8211; po urazach rdzenia kręgowego;<br>&#8211; w chorobach neurologicznych: chorobie Parkinsona, SM, polineuropatiach;<br>&#8211; po przebytym zawale serca<br>&#8211; w chorobach internistycznych i krążeniowo-oddechowych z przebiegiem niskiej<br>wydolności.</p>



<p class="wp-block-paragraph">Poszerzamy i ciągle rozwijamy nasz multidyscyplinarny <a href="http://fabrykazdrowia.net.pl/?page_id=13">zespół specjalistów</a> w wielu dziedzinach i specjalizacjach. Współpracujemy z fizjoterapeutami, lekarzami, dietetykiem, psychologiem i pracownią protetyczną.</p>



<p class="wp-block-paragraph">Współpracujemy także z: <br>&#8211; PZU Zdrowie;<br>&#8211; Allianz;<br>&#8211; Signal Iduna;<br>&#8211; InterPolska;<br>&#8211; Centrum Pomocy Osobom Poszkodowanym;<br>&#8211; Centrum Medyczne Gamma.</p>



<p class="wp-block-paragraph">Zapraszamy do <a href="#kontakt">kontaktu</a></p>

<p>Specjalistyczna Klinika Fizjoterapii Fabryka&nbsp;Zdrowia&nbsp;założona przez Ernesta Wiśniewskiego w 2012 roku&nbsp;powstała z potrzeby świadczenia usług&nbsp;rehabilitacyjnych w nowatorskim ujęciu&nbsp;i&nbsp;od początku istnienia jest &hellip; </p>

<!-- This site is optimized with the Yoast SEO plugin v21.4 - https://yoast.com/wordpress/plugins/seo/ -->
<title>O nas - Fabryka Zdrowia</title>
<meta name="description" content="Specjalistyczna Klinika Fizjoterapii Fabryka Zdrowia powstała z potrzeby świadczenia usług rehabilitacyjnych w nowatorskim ujęciu i od początku istnienia jest miejscem dla wszystkich tych, którzy poszukują profesjonalnej rehabilitacji. Specjalizujemy się w diagnostyce funkcjonalnej, leczeniu i profilaktyce." />
<meta name="robots" content="index, follow, max-snippet:-1, max-image-preview:large, max-video-preview:-1" />
<link rel="canonical" href="https://fabrykazdrowia.net.pl/" />
<meta property="og:locale" content="en_US" />
<meta property="og:type" content="article" />
<meta property="og:title" content="O nas - Fabryka Zdrowia" />
<meta property="og:description" content="Specjalistyczna Klinika Fizjoterapii Fabryka Zdrowia powstała z potrzeby świadczenia usług rehabilitacyjnych w nowatorskim ujęciu i od początku istnienia jest miejscem dla wszystkich tych, którzy poszukują profesjonalnej rehabilitacji. Specjalizujemy się w diagnostyce funkcjonalnej, leczeniu i profilaktyce." />
<meta property="og:url" content="https://fabrykazdrowia.net.pl/" />
<meta property="og:site_name" content="Fabryka Zdrowia" />
<meta property="article:publisher" content="https://www.facebook.com/FabrykaZdrowiaEW" />
<meta property="article:modified_time" content="2023-10-31T09:02:44+00:00" />
<meta name="twitter:card" content="summary_large_image" />
<meta name="twitter:label1" content="Est. reading time" />
	<meta name="twitter:data1" content="2 minutes" />
<script type="application/ld+json" class="yoast-schema-graph">{"@context":"https://schema.org","@graph":[{"@type":"WebPage","@id":"https://fabrykazdrowia.net.pl/","url":"https://fabrykazdrowia.net.pl/","name":"O nas - Fabryka Zdrowia","isPartOf":{"@id":"https://fabrykazdrowia.net.pl/#website"},"datePublished":"2023-10-23T08:26:41+00:00","dateModified":"2023-10-31T09:02:44+00:00","description":"Specjalistyczna Klinika Fizjoterapii Fabryka Zdrowia powstała z potrzeby świadczenia usług rehabilitacyjnych w nowatorskim ujęciu i od początku istnienia jest miejscem dla wszystkich tych, którzy poszukują profesjonalnej rehabilitacji. Specjalizujemy się w diagnostyce funkcjonalnej, leczeniu i profilaktyce.","breadcrumb":{"@id":"https://fabrykazdrowia.net.pl/#breadcrumb"},"inLanguage":"en-US","potentialAction":[{"@type":"ReadAction","target":["https://fabrykazdrowia.net.pl/"]}]},{"@type":"BreadcrumbList","@id":"https://fabrykazdrowia.net.pl/#breadcrumb","itemListElement":[{"@type":"ListItem","position":1,"name":"Strona główna","item":"https://fabrykazdrowia.net.pl/"},{"@type":"ListItem","position":2,"name":"O nas"}]},{"@type":"WebSite","@id":"https://fabrykazdrowia.net.pl/#website","url":"https://fabrykazdrowia.net.pl/","name":"Fabryka Zdrowia","description":"","publisher":{"@id":"https://fabrykazdrowia.net.pl/#organization"},"potentialAction":[{"@type":"SearchAction","target":{"@type":"EntryPoint","urlTemplate":"https://fabrykazdrowia.net.pl/?s={search_term_string}"},"query-input":"required name=search_term_string"}],"inLanguage":"en-US"},{"@type":"Organization","@id":"https://fabrykazdrowia.net.pl/#organization","name":"Fabryka Zdrowia","url":"https://fabrykazdrowia.net.pl/","logo":{"@type":"ImageObject","inLanguage":"en-US","@id":"https://fabrykazdrowia.net.pl/#/schema/logo/image/","url":"https://fabrykazdrowia.net.pl/wp-content/uploads/2023/08/cropped-logo-1.jpg","contentUrl":"https://fabrykazdrowia.net.pl/wp-content/uploads/2023/08/cropped-logo-1.jpg","width":614,"height":613,"caption":"Fabryka Zdrowia"},"image":{"@id":"https://fabrykazdrowia.net.pl/#/schema/logo/image/"},"sameAs":["https://www.facebook.com/FabrykaZdrowiaEW","https://www.instagram.com/fabryka_zdrowia_rehabilitacja/"]}]}</script>
<!-- / Yoast SEO plugin. -->

Specjalistyczna Klinika Fizjoterapii Fabryka Zdrowia powstała z potrzeby świadczenia usług rehabilitacyjnych w nowatorskim ujęciu i od początku istnienia jest miejscem dla wszystkich tych, którzy poszukują profesjonalnej rehabilitacji. Specjalizujemy się w diagnostyce funkcjonalnej, leczeniu i profilaktyce.

Strona główna
